 the greatest common divisor of i and 242?
22
Suppose -2*i + 3*y + 43 = 0, 0*i - y - 61 = -4*i. Let h = -11 + i. Let w be 3/6*21*2. What is the greatest common divisor of h and w?
3
Let s(b) = 2*b**2 - b. Let y(f) = -f**3 + 7*f**2 - 5*f - 7. Let t be y(6). Let z be s(t). Calculate the greatest common factor of z and 3.
3
Let b be (12 + 0/(-1))*4. Let d = b + -32. Calculate the highest common divisor of d and 48.
16
Let q be ((-2)/(-1))/(-1 + 3). What is the greatest common factor of q and 8?
1
Let f be (2/5)/((-1)/(-10)). Suppose 3*j + f = 5*j. Suppose -6*i = -3*i - 42. What is the highest common divisor of i and j?
2
Suppose 2*v + 62 = 4*i, 0 = i + 5*v - 14 + 4. Suppose 4 = -3*d - 5*b, d + b = 2*b - 4. Let g = d - -13. What is the greatest common factor of g and i?
5
Let s(o) = o - 3. Let v be s(-5). Let t = -3 - v. Suppose 0*z = -t*z - 3*a + 73, 2*a + 12 = z. Calculate the greatest common divisor of z and 14.
14
Let c be 3 - -9 - (5 + -3). Calculate the highest common factor of c and 20.
10
Let p = -29 - -52. Suppose 4*u - 4*x = 8, -4*u + 2*x = 3*x - p. Let f be ((-2)/(-6))/(1/3). Calculate the greatest common divisor of u and f.
1
Suppose -3*g + 4*g = 3. Let s be 2 + (g - (0 - -2)). Suppose s*b - 95 = 4*u, -2*b + 2*u + 65 = u. What is the highest common divisor of 22 and b?
11
Suppose -5*x + 2*x + 24 = 0. Let h(k) = 13*k**2 - 3*k + 2. Let y be h(-3). Suppose -3*z - y = -7*z. Calculate the highest common divisor of x and z.
8
Let t(u) = -u**3 + 7*u**2 + 5*u - 2. Let k be t(7). Let q(h) = 3*h + 10. Let x be q(-10). Let w = k + x. Calculate the highest common divisor of w and 13.
13
Let j be (-6)/(-15) - 196/(-10). Suppose 4*y = -y + j. Suppose -z + 1 + 1 = g, -y = 2*z. Calculate the highest common divisor of 4 and g.
4
Let q = -386 + 661. What is the greatest common factor of q and 25?
25
Suppose 4*t - 4*r = 120, -3*t - 6*r + r = -50. What is the greatest common divisor of t and 25?
25
Let d(c) = c**2 - c - 1. Let i be d(-1). Let w be 10*(4 - i) - 2. Suppose -23 = -5*v + 12. Calculate the highest common divisor of v and w.
7
Suppose -82 - 458 = -6*a. What is the highest common factor of a and 36?
18
Let a be -1 + 2 - (1 - 3). Suppose 25 = -a*o - 2*o. Let y be (4/o)/((-2)/40). What is the highest common factor of y and 4?
4
Let d = 4 + 11. Let b(n) = 30*n - 5. Let x be b(10). Let s = x - 160. Calculate the highest common divisor of d and s.
15
Let d = -2 + 3. Let g(k) = k + 14. Let z be g(-13). Calculate the highest common divisor of d and z.
1
Let w = -79 - -130. Suppose 2*h + 2*m - w = -15, 0 = 2*h + 5*m - 30. Suppose s = 3*s - h. Calculate the greatest common divisor of 20 and s.
10
Let j be -2 + 4/(2 - 1). Let a be j/10 - (-68)/10. Let d = a - 5. Calculate the highest common divisor of d and 5.
1
Let t be (2 - 0) + -4 - -58. Calculate the greatest common divisor of t and 7.
7
Let f be (0 - 121)/((-6)/6). Let h = -72 + f. Suppose -t - 3*m = -1, 16 + 7 = 3*t - m. Calculate the greatest common factor of h and t.
7
Let z = 47 - 32. Suppose 2*h + 5*n - 15 = 0, 0 = -3*h - 5*n + 29 + 1. Calculate the highest common divisor of z and h.
15
Let t(n) = 23*n**2 - 6*n + 18. Let o be t(3). What is the greatest common divisor of 23 and o?
23
Let w = -1 + 15. Suppose -4*q + 215 = 3*t, 0*t - 62 = -q + 2*t. What is the highest common factor of w and q?
14
Suppose -4*b + 31 + 21 = 0. Calculate the greatest common divisor of b and 104.
13
Let o = -33 + 34. Calculate the highest common divisor of 23 and o.
1
Let c be 1 + (-6)/(-10) + (-8624)/(-35). What is the highest common factor of c and 31?
31
Let u(y) = -2*y**2 - 11*y. Let w be u(-4). Let l be (-2)/(-3) + (-284)/(-6). What is the highest common divisor of w and l?
12
Let g = 63 - 15. Let s = 96 - g. Let t be (-1485)/(-132) - 3/(-4). What is the greatest common divisor of t and s?
12
Let w = 182 - 157. Calculate the greatest common factor of w and 50.
25
Let z = -9 - -29. Suppose 4*w - 13 = 107. What is the highest common divisor of w and z?
10
Suppose -2*d + 2*g - 5*g + 28 = 0, 5*g = -2*d + 32. Suppose -w = -3*i - i + 61, 5*w = -i - d. Calculate the highest common factor of i and 28.
14
Suppose -k + 5 = -13. Calculate the highest common divisor of k and 126.
18
Suppose -52 = -2*r - 2*r. What is the greatest common divisor of 91 and r?
13
Suppose 0*t + 60 = 6*t. What is the greatest common factor of 50 and t?
10
Suppose 5*q + 5*f + 145 = 2*f, -4*f - 20 = 0. Let g = 36 + q. Calculate the highest common factor of 15 and g.
5
Suppose -5*f - 4*z = 6, 3*f - 2*f + 4*z + 14 = 0. Let c be (6 - 7) + 112/f. What is the greatest common factor of c and 22?
11
Let q(t) = t**3 + t**2 - t + 135. Let f be q(0). What is the highest common factor of 15 and f?
15
Let a = 18 - 3. Let h be a/2*(-136)/(-12). Let m = 204 - h. Calculate the highest common divisor of m and 17.
17
Let a = 199 - 79. Calculate the greatest common divisor of 15 and a.
15
Suppose -d + 299 = 3*m - 0*d, -4*m = -2*d - 402. What is the highest common divisor of m and 20?
20
Let b(l) = 17*l + 3. Let s be b(5). Suppose 0 = 2*r - 9 + 1, 3*m + r - 76 = 0. Suppose 2*v + 2 - m = 0. Calculate the highest common divisor of v and s.
11
Let o(m) = -m**3 + 6*m**2 - 5*m + 4. Let s be o(5). Let i(u) = -6*u**3 - 2*u**2 - 3*u - 2. Let y be i(-2). What is the greatest common factor of s and y?
4
Suppose 4*h = 0, 2*h + 39 = 3*w - h. Calculate the highest common divisor of 221 and w.
13
Let n(t) = -9*t + 6. Let c be n(-3). Calculate the highest common divisor of 198 and c.
33
Let v = 20 - 12. Let i(f) = f**2 + 1. Let q be i(1). Suppose q*k - 2 = 14. Calculate the greatest common factor of k and v.
8
Let d(r) = -54*r**3 + 2*r**2 + 2*r + 1. Let l be d(-1). Let x = l - -1. What is the greatest common factor of 28 and x?
28
Let m be 0 - (0 + (-9)/3). Suppose 0 = 2*v - 6, 3*v - 8 = z + v. Let i be z/(-8) - (-6)/8. Calculate the greatest common factor of i and m.
1
Suppose -2*v - 10 = -4*v + 2*d, 4*v - 3*d = 21. Suppose 3*i + 12 = v*i. Suppose -i*r - r = -630. What is the highest common factor of r and 18?
18
Let f(v) = v**3 + 2*v**2 - 2*v. Let j be f(-2). Suppose -j*q + 7 - 79 = 0. Let d = q + 26. Calculate the highest common divisor of d and 12.
4
Let s(f) = f**3 - 6*f**2 + 4*f + 7. Let m be s(5). Suppose u - m = 5. What is the greatest common divisor of 42 and u?
7
Let y = -9 - -24. Let a be (y/(-9))/(2/(-66)). What is the highest common divisor of 5 and a?
5
Let z = -6 - -15. Let g = 111 + -93. What is the highest common divisor of g and z?
9
Suppose -m - 5 = -2*j + 27, -77 = -5*j + m. Suppose -5*o + f + 53 = 0, 0*o + 4*o - 25 = -5*f. What is the highest common factor of j and o?
5
Suppose 0*w - 4*w = 2*f - 56, 4*f - 84 = -w. What is the greatest common factor of f and 20?
20
Suppose -15 = -6*r - 3. Let d(b) = 15*b - 1. Let l be d(1). Calculate the greatest common factor of r and l.
2
Suppose -5*h + 0*h = 5. Let d = h + 5. Let f be ((-15)/d)/(-1)*20. Calculate the highest common divisor of 15 and f.
15
Let f = -102 - -168. Calculate the highest common factor of 44 and f.
22
Let l(y) = y**3 + 4*y**2 - 5*y + 5. Let h be l(-5). Let r be (-2)/4 - (-147)/2. Suppose 0 = h*t - 17 - r. What is the greatest common divisor of 126 and t?
18
Let f = -11 + 36. Calculate the greatest common factor of f and 10.
5
Let d be 4/(-6)*6/(-4). Suppose y - 8 = -5*l, l = -4*y - 0*l + 13. What is the greatest common factor of d and y?
1
Let q(v) = v**3 - 12*v**2 + 12*v - 6. Let l be q(11). What is the highest common divisor of l and 25?
5
Suppose 13*o = 18*o - 15. What is the greatest common factor of 3 and o?
3
Let n = -4 + -10. Let o be -9*(2 - n/(-6)). Suppose o*m - 22 = 44. Calculate the greatest common factor of m and 55.
11
Suppose 5*k = -3*j - 15, 2*k = -j - j - 6. Suppose x - 166 - 21 = j. What is the highest common factor of x and 17?
17
Suppose 2*g + 2*n - 8 = 4, 2*g = -3*n + 17. Let o be 3*8/3 - g. Let z = 37 - 16. Calculate the highest common divisor of o and z.
7
Let l(x) = 15*x**2 - 2*x + 1. Let o be l(1). Let j = 3747 + -2635. Suppose -342 = 5*t - j. What is the greatest common divisor of t and o?
14
Let p = -11 + 51. Calculate the highest common factor of 5 and p.
5
Suppose 5*w + 47 = v, -3*v + 8*w - 6*w = -115. Calculate the highest common divisor of 148 and v.
37
Let y be 0*((-